o(v) = v**3 - v**2 + 2*v + 2. Is o(d) a prime number?
False
Let r(t) = t**2 - 5*t + 10. Let n = -23 + 32. Is r(n) prime?
False
Let w(m) = 75*m - 8. Let p be w(7). Suppose -241 = -d + 2*x, 2*d - 4*d - 3*x = -p. Is d a composite number?
False
Suppose 3*k - 5*l - 181 = 0, k - 72 = 4*l - 21. Is k a prime number?
True
Let c be 5 - (-1)/(3/(-6)). Suppose -c*d - 5*g = 14, -2*d + 2*g = g - 8. Suppose 2*w = d*p + 3*w - 33, -37 = -3*p + w. Is p prime?
False
Let r = 506 + -283. Let n be (48/(-10))/((-2)/(-40)). Let c = r + n. Is c composite?
False
Let n be 8/16 - 259/2. Let k = n + 288. Is k composite?
True
Let w(a) = 4*a - 5 + 1 + a**2 + 3 + 4. Let z(s) = -6*s**2 - 20*s - 16. Let f(o) = -11*w(o) - 2*z(o). Is f(-6) prime?
True
Let d be 3*2/(-3) + 5. Suppose d*c = -2*c + 3645. Suppose q + 749 = -0*m + 5*m, -c = -5*m - 4*q. Is m prime?
True
Suppose 4*l - 5*t = -983, 1240 = -5*l + 5*t - t. Let v be l*((-7)/(-3) + -3). Suppose -287 - v = -5*q. Is q a prime number?
False
Let x(j) = j**3 + 6*j**2 - j - 5. Let t be x(-6). Let p be (-9)/((-3)/(-2) - t). Is -74*(-3)/(p/(-3)) composite?
False
Suppose -4*f = -2*n + 22, 0 = -2*n - f - 3*f - 2. Suppose -4*z - 5*y = -72, 0 = -n*z + 5*y + 136 - 1. Is z a prime number?
True
Is -11 + 10 + 852/1 a prime number?
False
Suppose -5*a + 1297 = 2*m - 0*m, -5*m = -2*a + 513. Is a composite?
True
Suppose 0 = -5*l + 2*l - 6. Let r be ((-15)/(-6))/(l/(-4)). Suppose 0 = 2*x - n - 65, r*x + 4*n - n - 179 = 0. Is x prime?
False
Suppose 3*c + 0*c - 5*g = 24, 0 = -5*g - 15. Suppose 2*b + c*w + 26 = 7*b, -5*w = 10. Is (2 - (b + -1)) + 116 composite?
True
Suppose -4*n - k = -52, 0 = 3*n - 2*n - 2*k - 13. Suppose 2*b = 41 - n. Is b prime?
False
Is -3 - -2 - 3 - -399 a prime number?
False
Let p be -2 - (-6 - -3) - -3. Let c be p/(-4)*(-2 + 2). Suppose 0*z - 2*z + 406 = c. Is z composite?
True
Suppose 4*t - 31 = -3*x, -4*x - 3*t + 8 = -24. Suppose 2*b - 2*n - 574 = 0, -3*b - x*n = -4*b + 287. Is b a prime number?
False
Let o be 466/(-6) + (-4)/(-6). Suppose -3*i - 2*i = -45. Is o/(-3)*i/3 a prime number?
False
Suppose 2*z - 4 = 2. Suppose 4*j - 150 = 5*m + 24, 3*j - z*m - 132 = 0. Is j a prime number?
False
Suppose -4*i + 8 = -16. Is i prime?
False
Suppose 8*z - 483 = -4*p + 3*z, z = -p + 122. Suppose -2*q + 3*q - p = 0. Is q prime?
True
Let i(w) be the third derivative of w**4/8 + w**3/2 + 2*w**2. Let g be i(6). Suppose -3*j - 3*q - 6 = 0, 2*j - 2*q - q - g = 0. Is j prime?
True
Suppose 5*p - 26 = 9. Suppose 0 = 5*t - 17 + 42. Is (0 - p)*(t + 2) a prime number?
False
Suppose -5*d + 1170 + 3845 = 0. Is d prime?
False
Is 39 + 0 + -3 - (0 - 1) composite?
False
Is ((-1)/2)/(4/(-8344)) a prime number?
False
Suppose n + 0*n = 7. Is 4/(-14) + 471/n a composite number?
False
Suppose 2*u = 4*s - 16, 3*u + u + 4 = s. Suppose -s*o = o - 15, 4*r - 5*o - 13 = 0. Is r prime?
True
Suppose -9*m - 709 = -10*m. Is m prime?
True
Suppose 0 = -5*t - 4*b - 7, 3*t = 5*t - 4*b - 14. Is 14 - (t - (1 - 1)) prime?
True
Let q = -40 - -148. Let j = q - 57. Is j a composite number?
True
Is 321 + (-1 - (-6)/(-2)) a composite number?
False
Is (-15)/10 - 850/(-4) a composite number?
False
Let n(x) = -5*x**2 + 5*x + 9. Let j be n(-6). Let t = -16 - j. Is t composite?
True
Let w(y) = -y**3 + y**2 + 5*y + 5. Let n be w(-4). Suppose 2*h - 108 = 3*f, -h = 5*f - f - n. Suppose h = 4*l - l. Is l a prime number?
True
Suppose 5*i + 3*t = 3*i + 20, 5*i - 2*t - 50 = 0. Suppose -m = 4*n - i, 3*n = -2*n. Let h = 33 - m. Is h prime?
True
Suppose t + 0*s - 2*s - 235 = 0, 0 = -4*t + 4*s + 940. Is t a prime number?
False
Let w be 2*(-1)/2*19. Let j = 12 + w. Let k(p) = -p**3 - 8*p**2 - 11*p - 6. Is k(j) a prime number?
False
Suppose 10*y = 7*y + 1131. Is y prime?
False
Suppose 4*n + 5*y - 8721 = 0, -3*y = 7*n - 5*n - 4361. Is n composite?
False
Suppose -4*g + 1 + 23 = 0. Let u(j) = 13*j**2 - 20*j + 18. Let f(w) = 7*w**2 - 10*w + 9. Let s(r) = 11*f(r) - 6*u(r). Is s(g) prime?
False
Let i(x) = -x**3 + 4*x**2 - x - 3. Let g be i(3). Suppose -5*r + 117 = -98. Suppose -2*v + 5*w = -r, -g - 12 = -v - 4*w. Is v a prime number?
True
Let v = -827 + 1180. Is v a prime number?
True
Let w(v) be the second derivative of 1/2*v**3 + v - 4*v**2 + 0 + 1/12*v**4. Is w(-6) a composite number?
True
Let t be 50/6 + (-6)/(-9). Let a = -5 + t. Suppose -13 = -3*h - n - 0, -4*h + 2*n = -a. Is h prime?
True
Let t = 10 - 5. Let s(p) = p**3 - 4*p**2 - p - 7. Is s(t) composite?
False
Suppose 2*q = 10, -q - 564 - 4 = -3*t. Is t prime?
True
Suppose -5*r - 1 = -7*r - x, 0 = 4*x - 12. Let q be -1*(r + 30)*3. Let h = q + 182. Is h a prime number?
False
Suppose -2*k + 2*m = -3*m - 32, -3*m = -6. Suppose -5*c + 2*c + k = 0. Is c prime?
True
Let p(h) = -65*h - 35. Is p(-8) a prime number?
False
Let x(a) = 4181*a - 113. Let v(p) = -113*p + 3. Let k(m) = -338*m + 9. Let h(f) = 3*k(f) - 8*v(f). Let c(w) = -113*h(w) - 3*x(w). Is c(-1) composite?
False
Let p = -21 - -24. Suppose -2*j = -3*j - p*v + 50, -5*v - 251 = -4*j. Is j prime?
True
Let b(a) = -a**2 + 7*a + 10. Let d be b(7). Is 2908/20 + (-4)/d prime?
False
Let d be (20/8)/((-4)/(-488)). Let y = d + -172. Is y composite?
True
Suppose -4*f + 75 = 679. Let b = -60 - f. Is b a prime number?
False
Let d(q) = -17*q - 1. Let b(x) = 51*x + 4. Let v(s) = -2*b(s) - 7*d(s). Suppose -3*n = 3*f + n - 8, -11 = -3*f - n. Is v(f) prime?
True
Let u(y) = y - 6. Let l be u(8). Let g be (-3)/(0 + -3) + l. Suppose -g*n + 2 = -355. Is n a prime number?
False
Let q(s) = s - 8. Let w be q(8). Suppose -d - z + 15 = 2*d, w = -2*d + 4*z - 4. Suppose d*x = 159 + 37. Is x prime?
False
Let z = -8 + 11. Suppose -z*h = -2*h - 23. Is h prime?
True
Suppose 4*n - 1 = -4*r + 3, 12 = 4*n. Let h be -6 + 3/1 + 7. Is ((-15)/r)/(2/h) a prime number?
False
Suppose 2*d = -5*v + 13845, -d + 3*d - 2777 = -v. Is v a composite number?
False
Let d be (-1 - 18/(-4))*22. Let j = d + -52. Is j composite?
True
Let r = 3 - 7. Is ((-185)/r)/((-1)/(-4)) a composite number?
True
Let l = 63 + -1. Is l a prime number?
False
Suppose 5 = -u - 3*y - 0*y, 5*u - 55 = 5*y. Let f = u - 11. Is ((-632)/(-12))/(f/(-6)) a composite number?
False
Let v = 4 - 1. Suppose -4*t - t = -4*n - 262, -v*t - 3*n = -168. Let g = t - 17. Is g a composite number?
False
Let w be (-3)/9 + (-8)/(-6). Suppose -3*j + r = 10, w - 10 = 2*j - 3*r. Is (3/j)/((-1)/7) a composite number?
False
Let d(x) = -3*x**3 + x**2 + x + 1. Let l be d(-1). Let y be 3/l + (-533)/(-4). Suppose v - y = -v. Is v prime?
True
Let f(h) be the third derivative of h**5/60 + 7*h**4/24 + h**3/3 - 2*h**2. Let n be f(-7). Suppose -14 = -0*m - n*m. Is m composite?
False
Let v(q) = -35*q - 19. Is v(-12) composite?
False
Suppose 31*t - 26*t - 15235 = 0. Is t prime?
False
Let n = -111 - 136. Let h = -56 - n. Suppose -2*f + 3*f - h = 0. Is f a prime number?
True
Suppose -3*b = 4*g - 4660, 0 = 6*b - 2*b. Is g a composite number?
True
Let h(p) = 8*p**3 - 6*p**2 - 3*p + 18. Is h(5) a composite number?
False
Let r be ((-4)/(-10))/((-4)/20). Let o be r/(-2) + (-2 - -6). Suppose o*w = 3*g + 16 - 83, -3*g - 3*w = -51. Is g prime?
True
Suppose a = -4*a. Let t(u) = u**2 + 3*u. Let b be t(-4). Suppose 101 = 5*f - a*f - b*j, 0 = -2*f + j + 41. Is f a prime number?
False
Let f(p) = 6*p - 5. Let r be f(5). Suppose 4*l = -4*v + 192, 0 = -4*l - l - r. Is v prime?
True
Suppose 3*p - 21 = 33. Let i(o) = 2*o + 1. Let t be i(-2). Let m = t + p. Is m prime?
False
Suppose -3*d = -2*a + 719, -3*a + 4*d - 1087 = -6*a. Is a a composite number?
True
Let o(v) = -v**3 + v**2 + 689. Is o(0) composite?
True
Let m(b) = -2*b**3 + 5*b**2 - 3*b + 4. Let z be m(5). Let r be z/14 - (-14)/(-49). Is (-2)/r - 136/(-20) composite?
False
Let w be ((-10)/3)/(2/(-3)). Suppose -2*k - k = -3*u - 3, -3*k + 2*u + w = 0. Is k composite?
False
Suppose -k + 927 = -r + 5*r, 0 = k - 2*r - 897. Is k composite?
False
Suppose -5*f - 4 = -9. Suppose -2*l + 5 - f = 0. Suppose 0 = 2*p - 40 + l. Is p a composite number?
False
Suppose 3*v - 5*l - 646 = 0, 432 = 2*v - 0*l - 2*l. Suppose -2*x - 59 = -v. Is x prime?
True
Let b(f) be the third derivative of -5*f**4/12 + 5*f**3/6 - 3*f**2. Is b(-5) a composite number?
True
Suppose -w - 4788 = -3*c + 2*w, -c + 1593 = -4*w. Is c composite?
False
Suppose 1865 = 8*u - 3*u. Is u a composite number?
False
Let 